245?
0
What is the units digit of 35188?
8
What is the hundreds digit of 749659?
6
What is the ten thousands digit of 341812?
4
What is the hundreds digit of 5995127?
1
What is the thousands digit of 877933?
7
What is the units digit of 3076?
6
What is the thousands digit of 1555705?
5
What is the tens digit of 2598707?
0
What is the hundreds digit of 296074?
0
What is the tens digit of 1249041?
4
What is the hundred thousands digit of 4381656?
3
What is the units digit of 5954053?
3
What is the ten millions digit of 17816427?
1
What is the tens digit of 2180349?
4
What is the units digit of 86234?
4
What is the hundreds digit of 3596907?
9
What is the thousands digit of 1049367?
9
What is the thousands digit of 178462?
8
What is the hundreds digit of 136701?
7
What is the hundreds digit of 5764481?
4
What is the tens digit of 2920144?
4
What is the hundred thousands digit of 305821?
3
What is the hundred thousands digit of 10566552?
5
What is the units digit of 8112630?
0
What is the hundred thousands digit of 611521?
6
What is the units digit of 19114106?
6
What is the units digit of 8072057?
7
What is the tens digit of 8554016?
1
What is the millions digit of 4247879?
4
What is the hundred thousands digit of 4963222?
9
What is the millions digit of 5548608?
5
What is the ten thousands digit of 2164729?
6
What is the tens digit of 185055?
5
What is the tens digit of 2715877?
7
What is the units digit of 967932?
2
What is the hundred thousands digit of 513960?
5
What is the hundreds digit of 550023?
0
What is the units digit of 11940301?
1
What is the hundreds digit of 9399807?
8
What is the tens digit of 974420?
2
What is the hundreds digit of 869091?
0
What is the millions digit of 1070687?
1
What is the hundreds digit of 27849820?
8
What is the units digit of 18207598?
8
What is the hundred thousands digit of 38213188?
2
What is the thousands digit of 1324690?
4
What is the hundred thousands digit of 2836813?
8
What is the units digit of 646546?
6
What is the hundreds digit of 3647418?
4
What is the tens digit of 543594?
9
What is the hundreds digit of 8876629?
6
What is the units digit of 45580?
0
What is the units digit of 329788?
8
What is the thousands digit of 29449311?
9
What is the hundreds digit of 7845958?
9
What is the tens digit of 1968146?
4
What is the thousands digit of 66567?
6
What is the hundred thousands digit of 265841?
2
What is the tens digit of 5498880?
8
What is the ten thousands digit of 94207?
9
What is the ten thousands digit of 2180075?
8
What is the tens digit of 4266570?
7
What is the ten thousands digit of 66327?
6
What is the thousands digit of 5123907?
3
What is the hundreds digit of 347233?
2
What is the ten thousands digit of 10890762?
9
What is the hundreds digit of 8054511?
5
What is the hundreds digit of 258587?
5
What is the hundreds digit of 439268?
2
What is the hundreds digit of 44176?
1
What is the thousands digit of 2224818?
4
What is the ten thousands digit of 660898?
6
What is the ten thousands digit of 946024?
4
What is the hundred thousands digit of 631304?
6
What is the units digit of 3323410?
0
What is the thousands digit of 205549?
5
What is the hundreds digit of 119893?
8
What is the hundreds digit of 662315?
3
What is the hundred thousands digit of 751280?
7
What is the hundred thousands digit of 1918534?
9
What is the thousands digit of 280599?
0
What is the units digit of 224963?
3
What is the units digit of 137836?
6
What is the units digit of 7480671?
1
What is the hundred thousands digit of 9470553?
4
What is the units digit of 9797673?
3
What is the ten thousands digit of 1260996?
6
What is the ten thousands digit of 260518?
6
What is the thousands digit of 39585?
9
What is the ten thousands digit of 18163884?
6
What is the tens digit of 1277?
7
What is the thousands digit of 1334396?
4
What is the thousands digit of 7908607?
8
What is the hundred thousands digit of 2750484?
7
What is the units digit of 7913106?
6
What is the units digit of 7276885?
5
What is the hundred thousands digit of 3527427?
5
What is the thousands digit of 2774?
2
What is the units digit of 2426669?
9
What is the units digit of 11730522?
2
What is the millions digit of 12597152?
2
What is the hundred thousands digit of 306476?
3
What is the hundred thousands digit of 528839?
5
What is the thousands digit of 1290014?
0
What is the units digit of 37189?
9
What is the thousands digit of 959956?
9
What is the thousands digit of 421623?
1
What is the thousands digit of 933738?
3
What is the units digit of 915927?
7
What is the thousands digit of 3558445?
8
What is the hundreds digit of 9129514?
5
What is the units digit of 214885?
5
What is the units digit of 717034?
4
What is the tens digit of 732567?
6
What is the units digit of 280151?
1
What is the millions digit of 4435061?
4
What is the tens digit of 145953?
5
What is the millions digit of 1288937?
1
What is the ten thousands digit of 321828?
2
What is the units digit of 3897805?
5
What is the ten thousands digit of 23731621?
3
What is the hundred thousands digit of 1363485?
3
What is the hundreds digit of 3154079?
0
What is the ten thousands digit of 179828?
7
What is the thousands digit of 2390320?
0
What is the millions digit of 3866238?
3
What is the millions digit of 5860996?
5
What is the tens digit of 849373?
7
What is the millions digit of 2047777?
2
What is the hundreds digit of 1776061?
0
What is the tens digit of 6893006?
0
What is the thousands digit of 24878225?
8
What is the thousands digit of 205281?
5
What is the ten thousands digit of 1262814?
6
What is the hundred thousands digit of 117730?
1
What is the hundred thousands digit of 1020124?
0
What is the hundred thousands digit of 198036?
1
What is the hundreds digit of 7325926?
9
What is the hundreds digit of 26532692?
6
What is the thousands digit of 3840401?
0
What is the hundreds digit of 3192469?
4
What is the hundred thousands digit of 3940626?
9
What is the ten thousands digit of 10196?
1
What is the units digit of 1928406?
6
What is the units digit of 6973609?
9
What is the thousands digit of 95145?
5
What is the tens digit of 894690?
9
What is the tens digit of 13635974?
7
What is the tens digit of 222884?
8
What is the millions digit of 1013702?
1
What is the units digit of 497346?
6
What is the units digit of 12655447?
7
What is the units digit of 48962?
2
What is the tens digit of 482550?
5
What is the thousands digit of 1233778?
3
What is the millions digit of 4487912?
4
What is the tens digit of 165754?
5
What is the ten thousands digit of 3341766?
4
What is the thousands digit of 15181188?
1
What is the units digit of 1545684?
4
What is the ten thousands digit of 18275289?
7
What is the thousands digit of 235027?
5
What is the ten thousands digit of 144464?
4
What is the hundreds digit of 8856594?
5
What is the millions digit of 10970803?
0
What is the tens digit of 309235?
3
What is the hundreds digit of 10731630?
6
What is the thousands digit of 751608?
1
What is the hundreds digit of 230390?
3
What is the ten thousands digit of 475630?
7
What is the tens digit of 3574610?
1
What is the hundreds digit of 7219?
2
What is the tens digit of 1428096?
9
What is the hundreds digit of 1534756?
7
What is the thousands digit of 3908635?
8
What is the hundred thousands digit of 7395189?
3
What is the units digit of 18485719?
9
What is the hundred thousands digit of 2039947?
0
What is the tens digit of 3235768?
6
What is the hundreds digit of 1631307?
3
What is the hundreds digit of 1434776?
7
What is the thousands digit of 398667?
8
What is the ten thousands digit of 2789881?
8
What is the units digit of 183801?
1
What is the thousands digit of 292303?
2
What is the hundred thousands digit of 144741?
1
What is the tens digit of 8117?
1
What is the ten millions digit of 32975534?
3
What is the hundred thousands digit of 3776986?
7
What is the thousands digit of 78987?
8
What is the millions digit of 42948093?
2
What is the hundreds digit of 724990?
9
What is the millions digit of 4743260?
4
What is the hundreds digit of 223774?
7
What is the millions digit of 3465926?
3
What is the hundred thousands digit of 1320172?
3
What is the units digit of 238090?
0
What is the units digit 